{"id":2357,"date":"2025-12-05T16:09:01","date_gmt":"2025-12-05T19:09:01","guid":{"rendered":"https:\/\/sitesf2j.com.br\/cress\/?page_id=2357"},"modified":"2026-05-13T10:43:33","modified_gmt":"2026-05-13T13:43:33","slug":"contato","status":"publish","type":"page","link":"https:\/\/cress-ba.org.br\/?page_id=2357","title":{"rendered":"Contatos"},"content":{"rendered":"\n<p><strong>TELEFONE\/WHATSAPP:<\/strong> (71)3322-0421<\/p>\n\n\n\n<p><strong>REGISTRO:<\/strong>\u00a0Inscri\u00e7\u00f5es, Situa\u00e7\u00e3o cadastral e Carteira\/DIP<\/p>\n\n\n\n<p>E-mail:&nbsp;registro@cress-ba.org.br<\/p>\n\n\n\n<p><strong>FINANCEIRO: <\/strong>Anuidade do ano vigente, Certid\u00f5es<\/p>\n\n\n\n<p>E-mail:&nbsp;financeiro@cress-ba.org.br<\/p>\n\n\n\n<p><strong>RECUPERA\u00c7\u00c3O DE CR\u00c9DITO:<\/strong> Anuidades de ano(s) anterior(es), negocia\u00e7\u00e3o<\/p>\n\n\n\n<p>E-mail:&nbsp;fiquelegal@cress-ba.org.br<\/p>\n\n\n\n<p><strong>ORIENTA\u00c7\u00c3O E FISCALIZA\u00c7\u00c3O:<\/strong> Fiscaliza\u00e7\u00e3o, notas t\u00e9cnicas, orienta\u00e7\u00f5es profissionais<\/p>\n\n\n\n<p>E-mail:&nbsp;fiscalizacao@cress-ba.org.br<\/p>\n\n\n\n<p><strong>PROCESSO \u00c9TICO: <\/strong>Declara\u00e7\u00e3o de nada consta \u00e9tico, den\u00fancia \u00e9tica<\/p>\n\n\n\n<p>Email: processoetico@cress-ba.org.br<\/p>\n\n\n\n<p><strong>DIRETORIA<\/strong><\/p>\n\n\n\n<p>E-mail:&nbsp;cress@cress-ba.org.br<\/p>\n\n\n\n<p><strong>ASSESSORIA T\u00c9CNICA ESPECIAL <\/strong><\/p>\n\n\n\n<p>E-mail: astec@cress-ba.org.br<\/p>\n\n\n\n<p><strong>ASSESSORIA DE COMUNICA\u00c7\u00c3O<\/strong><\/p>\n\n\n\n<p>E-mail: ascom@cress-ba.org.br<\/p>\n","protected":false},"excerpt":{"rendered":"<p>TELEFONE\/WHATSAPP: (71)3322-0421 REGISTRO:\u00a0Inscri\u00e7\u00f5es, Situa\u00e7\u00e3o cadastral e Carteira\/DIP E-mail:&nbsp;registro@cress-ba.org.br FINANCEIRO: Anuidade do ano vigente, Certid\u00f5es E-mail:&nbsp;financeiro@cress-ba.org.br RECUPERA\u00c7\u00c3O DE CR\u00c9DITO: Anuidades de ano(s) anterior(es), negocia\u00e7\u00e3o E-mail:&nbsp;fiquelegal@cress-ba.org.br ORIENTA\u00c7\u00c3O E FISCALIZA\u00c7\u00c3O: Fiscaliza\u00e7\u00e3o, notas t\u00e9cnicas, orienta\u00e7\u00f5es profissionais E-mail:&nbsp;fiscalizacao@cress-ba.org.br PROCESSO \u00c9TICO: Declara\u00e7\u00e3o de nada consta \u00e9tico, den\u00fancia \u00e9tica Email: processoetico@cress-ba.org.br DIRETORIA E-mail:&nbsp;cress@cress-ba.org.br ASSESSORIA T\u00c9CNICA ESPECIAL E-mail: astec@cress-ba.org.br ASSESSORIA DE COMUNICA\u00c7\u00c3O E-mail: [&hellip;]<\/p>\n","protected":false},"author":1,"featured_media":0,"parent":0,"menu_order":0,"comment_status":"closed","ping_status":"closed","template":"","meta":{"footnotes":""},"class_list":["post-2357","page","type-page","status-publish","hentry"],"_hostinger_reach_plugin_has_subscription_block":false,"_hostinger_reach_plugin_is_elementor":false,"_links":{"self":[{"href":"https:\/\/cress-ba.org.br\/index.php?rest_route=\/wp\/v2\/pages\/2357","targetHints":{"allow":["GET"]}}],"collection":[{"href":"https:\/\/cress-ba.org.br\/index.php?rest_route=\/wp\/v2\/pages"}],"about":[{"href":"https:\/\/cress-ba.org.br\/index.php?rest_route=\/wp\/v2\/types\/page"}],"author":[{"embeddable":true,"href":"https:\/\/cress-ba.org.br\/index.php?rest_route=\/wp\/v2\/users\/1"}],"replies":[{"embeddable":true,"href":"https:\/\/cress-ba.org.br\/index.php?rest_route=%2Fwp%2Fv2%2Fcomments&post=2357"}],"version-history":[{"count":7,"href":"https:\/\/cress-ba.org.br\/index.php?rest_route=\/wp\/v2\/pages\/2357\/revisions"}],"predecessor-version":[{"id":5681,"href":"https:\/\/cress-ba.org.br\/index.php?rest_route=\/wp\/v2\/pages\/2357\/revisions\/5681"}],"wp:attachment":[{"href":"https:\/\/cress-ba.org.br\/index.php?rest_route=%2Fwp%2Fv2%2Fmedia&parent=2357"}],"curies":[{"name":"wp","href":"https:\/\/api.w.org\/{rel}","templated":true}]}}