{"id":2488,"date":"2025-12-26T13:42:12","date_gmt":"2025-12-26T16:42:12","guid":{"rendered":"https:\/\/cress-ba.org.br\/?page_id=2488"},"modified":"2025-12-29T13:02:10","modified_gmt":"2025-12-29T16:02:10","slug":"eleicoes","status":"publish","type":"page","link":"https:\/\/cress-ba.org.br\/?page_id=2488","title":{"rendered":"Elei\u00e7\u00f5es 2023-2026"},"content":{"rendered":"\n<h1 class=\"wp-block-heading\"><\/h1>\n\n\n\n<p>O Processo Eleitoral para as gest\u00f5es 2023-2026 do Conselho Regional do Servi\u00e7o Social (CRESS-BA) j\u00e1 come\u00e7ou! O edital de convoca\u00e7\u00e3o foi publicado em outubro e o prazo de inscri\u00e7\u00f5es das chapas come\u00e7a no dia 13 de dezembro e termina no dia 16 de janeiro de 2023.&nbsp;<\/p>\n\n\n\n<p>De acordo com o Calend\u00e1rio Eleitoral 2023-2026, publicado no Di\u00e1rio Oficial da Uni\u00e3o, as elei\u00e7\u00f5es acontecer\u00e3o nos dias 14, 15 e 16 de mar\u00e7o de 2023.&nbsp;<\/p>\n\n\n\n<p>Quem for fazer inscri\u00e7\u00e3o da chapa deve ter aten\u00e7\u00e3o a todos os requisitos para participa\u00e7\u00e3o, bem como conferir a documenta\u00e7\u00e3o necess\u00e1ria para tal. As chapas devem ser inscritas na sede do CRESS 5\u00aa Regi\u00e3o, localizada na Rua Dr. Jos\u00e9 Peroba, 149, Edif\u00edcio Eldorado Empresarial, salas 501\/502, Stiep, Salvador, Bahia.&nbsp;<\/p>\n\n\n\n<p>Nas elei\u00e7\u00f5es do Conjunto CFESS-CRESS, quanto maior a participa\u00e7\u00e3o da categoria, maior a legitimidade do processo. Isso porque, no Conjunto, a dire\u00e7\u00e3o \u00e9 eleita pelos\/as profissionais por meio de voto direto n\u00e3o obrigat\u00f3rio. O CFESS e os CRESS tamb\u00e9m fazem a combina\u00e7\u00e3o do voto n\u00e3o obrigat\u00f3rio ao qu\u00f3rum m\u00ednimo, expressando o compromisso do Conjunto CFESS-CRESS com a participa\u00e7\u00e3o pol\u00edtica democr\u00e1tica.<\/p>\n\n\n\n<h4 class=\"wp-block-heading\">Resultado\u00a0<br><a href=\"http:\/\/www.cfess.org.br\/arquivos\/ResultadosGeral-EleicoesCfessCress2023.pdf\" target=\"_blank\" rel=\"noreferrer noopener\"><strong>Relat\u00f3rio de Apura\u00e7\u00e3o das Elei\u00e7\u00f5es CFESS-CRESS 2023 (WebVoto)<\/strong><\/a><\/h4>\n\n\n\n<h4 class=\"wp-block-heading\">Documenta\u00e7\u00f5es<\/h4>\n\n\n\n<h4 class=\"wp-block-heading\"><a href=\"https:\/\/cress-ba.org.br\/wp-content\/uploads\/2025\/10\/Edital.pdf\" target=\"_blank\" rel=\"noreferrer noopener\"><strong>Edital<br><\/strong><\/a><a href=\"https:\/\/cress-ba.org.br\/wp-content\/uploads\/2025\/10\/cronograma.pdf\" target=\"_blank\" rel=\"noreferrer noopener\"><strong>Cronograma<br><\/strong><\/a><a href=\"https:\/\/cress-ba.org.br\/wp-content\/uploads\/2025\/10\/calendario_eleitoral_2023_2026.pdf\" target=\"_blank\" rel=\"noreferrer noopener\"><strong>Calend\u00e1rio<br><\/strong><\/a><a href=\"https:\/\/cress-ba.org.br\/wp-content\/uploads\/2025\/10\/instrucao.pdf\" target=\"_blank\" rel=\"noreferrer noopener\"><strong>Instru\u00e7\u00f5es sobre as documenta\u00e7\u00f5es necess\u00e1rias para inscri\u00e7\u00f5es de chapas<br><\/strong><\/a><a href=\"https:\/\/cress-ba.org.br\/wp-content\/uploads\/2025\/10\/carta.pdf\" target=\"_blank\" rel=\"noreferrer noopener\"><strong>Carta a categoria<br><\/strong><\/a><a href=\"https:\/\/cress-ba.org.br\/wp-content\/uploads\/2025\/10\/quorum.pdf\" target=\"_blank\" rel=\"noreferrer noopener\"><strong>Qu\u00f3rum do CRESS-BA para Elei\u00e7\u00e3o Tri\u00eanio 2023-2026<br><\/strong><\/a><a href=\"https:\/\/drive.google.com\/file\/d\/1MvSwOWmG7rSSYAgpOGNcvax58w4swVSb\/view?usp=share_link\" target=\"_blank\" rel=\"noreferrer noopener\"><strong>Prazo para apresenta\u00e7\u00e3o de recurso<br><\/strong><\/a><a href=\"https:\/\/cress-ba.org.br\/wp-content\/uploads\/2025\/10\/ANEXO_1b_CRESS_requerimento_de_registro_da_chapa.pdf\" target=\"_blank\" rel=\"noreferrer noopener\"><strong>ANEXO 1b \u2013 CRESS Requerimento de Registro da Chapa.pdf<br><\/strong><\/a><a href=\"https:\/\/cress-ba.org.br\/wp-content\/uploads\/2025\/10\/ANEXO_2b_CRESS_relacao_de_candidatos_a_eleicao.pdf\" target=\"_blank\" rel=\"noreferrer noopener\"><strong>ANEXO 2b \u2013 CRESS Rela\u00e7\u00e3o de Candidatos a Elei\u00e7\u00e3o<br><\/strong><\/a><a href=\"https:\/\/cress-ba.org.br\/wp-content\/uploads\/2025\/10\/ANEXO_3_declaracao_de_candidato_as_eleicoes_do_trienio.pdf\" target=\"_blank\" rel=\"noreferrer noopener\"><strong>ANEXO 3 \u2013 Declara\u00e7\u00e3o de Candidato as Elei\u00e7oes do Tri\u00eanio<br><\/strong><\/a><a href=\"https:\/\/cress-ba.org.br\/wp-content\/uploads\/2025\/10\/ANEXO_4_declaracao.pdf\" target=\"_blank\" rel=\"noreferrer noopener\"><strong>ANEXO 4 \u2013 Declara\u00e7\u00e3o<br><\/strong><\/a><a href=\"https:\/\/cress-ba.org.br\/wp-content\/uploads\/2025\/10\/ANEXO_5_declaracao.pdf\" target=\"_blank\" rel=\"noreferrer noopener\"><strong>ANEXO 5- Declara\u00e7\u00e3o<br><\/strong><\/a><a href=\"https:\/\/cress-ba.org.br\/wp-content\/uploads\/2025\/10\/ANEXO_6_pedido_de_desincompatilizacao.pdf\" target=\"_blank\" rel=\"noreferrer noopener\"><strong>ANEXO 6 \u2013 Pedido de Desincompatiliza\u00e7\u00e3o<br><\/strong><\/a><a href=\"https:\/\/cress-ba.org.br\/wp-content\/uploads\/2025\/10\/ANEXO_7_declaracao.pdf\" target=\"_blank\" rel=\"noreferrer noopener\"><strong>ANEXO 7- Declara\u00e7\u00e3o<br><\/strong><\/a><a href=\"https:\/\/cress-ba.org.br\/wp-content\/uploads\/2025\/10\/ANEXO_8_pedido_de_licenca.pdf\" target=\"_blank\" rel=\"noreferrer noopener\"><strong>ANEXO 8\u00a0 \u2013 Pedido de Licen\u00e7a<br><\/strong><\/a><a href=\"https:\/\/cress-ba.org.br\/wp-content\/uploads\/2025\/10\/comunicado.pdf\" target=\"_blank\" rel=\"noreferrer noopener\"><strong>ANEXO 9\u00a0 \u2013 Comunicado de Retifica\u00e7\u00e3o<br><\/strong><\/a><a href=\"https:\/\/cress-ba.org.br\/wp-content\/uploads\/2025\/10\/regras_registro_chapas.pdf\" target=\"_blank\" rel=\"noreferrer noopener\"><strong>ANEXO 10\u00a0 \u2013 Regras de Entrega de Documenta\u00e7\u00e3o<br><\/strong><\/a><a href=\"https:\/\/cress-ba.org.br\/wp-content\/uploads\/2025\/10\/instrucao_normativa_CRE_001.pdf\" target=\"_blank\" rel=\"noreferrer noopener\"><strong>ANEXO 11 \u2013 INSTRU\u00c7\u00c3O NORMATIVA<\/strong><\/a><\/h4>\n\n\n\n<h4 class=\"wp-block-heading\"><a href=\"https:\/\/cress-ba.org.br\/assets\/documentos\/eleicao\/2023_2026\/instrucao_normativa_CRE_001.pdf\" target=\"_blank\" rel=\"noreferrer noopener\"><strong><br><\/strong><\/a>Lista de Aptos a Votar<\/h4>\n\n\n\n<h4 class=\"wp-block-heading\"><a href=\"https:\/\/cress-ba.org.br\/wp-content\/uploads\/2025\/10\/aptos-01.pdf\" target=\"_blank\" rel=\"noreferrer noopener\"><strong>1\u00aa Lista de Aptos a Votar<br><\/strong><\/a><a href=\"https:\/\/cress-ba.org.br\/wp-content\/uploads\/2025\/10\/2_lista_cress.pdf\" target=\"_blank\" rel=\"noreferrer noopener\"><strong>2\u00aa Lista de Aptos a Votar<br><\/strong><\/a><a href=\"https:\/\/cress-ba.org.br\/wp-content\/uploads\/2025\/10\/3_lista.pdf\" target=\"_blank\" rel=\"noreferrer noopener\"><strong>3\u00aa Lista de Aptos a Votar<\/strong><\/a><\/h4>\n\n\n\n<h4 class=\"wp-block-heading\"><a href=\"https:\/\/cress-ba.org.br\/assets\/documentos\/eleicao\/2023_2026\/3_lista.pdf\" target=\"_blank\" rel=\"noreferrer noopener\"><strong><br><\/strong><\/a>Deferimento de Inscri\u00e7\u00f5es das Chapas<\/h4>\n\n\n\n<h4 class=\"wp-block-heading\"><a href=\"https:\/\/cress-ba.org.br\/wp-content\/uploads\/2025\/10\/Ata_de_Deliberacao_CRE_01_24_de_janeiro_assinado.pdf\" target=\"_blank\" rel=\"noreferrer noopener\"><strong>Ata de Delibera\u00e7\u00e3o<br><\/strong><\/a><a href=\"https:\/\/cress-ba.org.br\/wp-content\/uploads\/2025\/10\/ata_reuniao_cre_30_de_janeiro.pdf\" target=\"_blank\" rel=\"noreferrer noopener\"><strong>Ata de Reuni\u00e3o \u2013 30 de janeiro<\/strong><\/a><\/h4>\n\n\n\n<h4 class=\"wp-block-heading\"><a href=\"https:\/\/cress-ba.org.br\/assets\/documentos\/eleicao\/2023_2026\/ata_reuniao_cre_30_de_janeiro.pdf\" target=\"_blank\" rel=\"noreferrer noopener\"><strong><br><\/strong><\/a>Atas CRE \u2013 Comiss\u00e3o Regional Eleitoral<\/h4>\n\n\n\n<h4 class=\"wp-block-heading\"><a href=\"https:\/\/cress-ba.org.br\/wp-content\/uploads\/2025\/10\/cre01.pdf\" target=\"_blank\" rel=\"noreferrer noopener\"><strong>Ata da 1\u00aa Reuni\u00e3o<br><\/strong><\/a><a href=\"https:\/\/cress-ba.org.br\/wp-content\/uploads\/2025\/10\/cre02.pdf\" target=\"_blank\" rel=\"noreferrer noopener\"><strong>Ata da 2\u00aa Reuni\u00e3o<br><\/strong><\/a><a href=\"https:\/\/cress-ba.org.br\/wp-content\/uploads\/2025\/10\/cre03.pdf\" target=\"_blank\" rel=\"noreferrer noopener\"><strong>Ata da 3\u00aa Reuni\u00e3o<br><\/strong><\/a><a href=\"https:\/\/cress-ba.org.br\/wp-content\/uploads\/2025\/10\/cre04.pdf\" target=\"_blank\" rel=\"noreferrer noopener\"><strong>Ata da 4\u00aa Reuni\u00e3o<br><\/strong><\/a><a href=\"https:\/\/cress-ba.org.br\/wp-content\/uploads\/2025\/10\/cre05.pdf\" target=\"_blank\" rel=\"noreferrer noopener\"><strong>Ata da 5\u00aa Reuni\u00e3o<br><\/strong><\/a><a href=\"https:\/\/cress-ba.org.br\/wp-content\/uploads\/2025\/10\/relatorio_final.pdf\" target=\"_blank\" rel=\"noreferrer noopener\"><strong>Relat\u00f3rio Final<\/strong><\/a><\/h4>\n","protected":false},"excerpt":{"rendered":"<p>O Processo Eleitoral para as gest\u00f5es 2023-2026 do Conselho Regional do Servi\u00e7o Social (CRESS-BA) j\u00e1 come\u00e7ou! O edital de convoca\u00e7\u00e3o foi publicado em outubro e o prazo de inscri\u00e7\u00f5es das chapas come\u00e7a no dia 13 de dezembro e termina no dia 16 de janeiro de 2023.&nbsp; De acordo com o Calend\u00e1rio Eleitoral 2023-2026, publicado no [&hellip;]<\/p>\n","protected":false},"author":2,"featured_media":0,"parent":0,"menu_order":0,"comment_status":"closed","ping_status":"closed","template":"","meta":{"footnotes":""},"class_list":["post-2488","page","type-page","status-publish","hentry"],"_links":{"self":[{"href":"https:\/\/cress-ba.org.br\/index.php?rest_route=\/wp\/v2\/pages\/2488","targetHints":{"allow":["GET"]}}],"collection":[{"href":"https:\/\/cress-ba.org.br\/index.php?rest_route=\/wp\/v2\/pages"}],"about":[{"href":"https:\/\/cress-ba.org.br\/index.php?rest_route=\/wp\/v2\/types\/page"}],"author":[{"embeddable":true,"href":"https:\/\/cress-ba.org.br\/index.php?rest_route=\/wp\/v2\/users\/2"}],"replies":[{"embeddable":true,"href":"https:\/\/cress-ba.org.br\/index.php?rest_route=%2Fwp%2Fv2%2Fcomments&post=2488"}],"version-history":[{"count":8,"href":"https:\/\/cress-ba.org.br\/index.php?rest_route=\/wp\/v2\/pages\/2488\/revisions"}],"predecessor-version":[{"id":2537,"href":"https:\/\/cress-ba.org.br\/index.php?rest_route=\/wp\/v2\/pages\/2488\/revisions\/2537"}],"wp:attachment":[{"href":"https:\/\/cress-ba.org.br\/index.php?rest_route=%2Fwp%2Fv2%2Fmedia&parent=2488"}],"curies":[{"name":"wp","href":"https:\/\/api.w.org\/{rel}","templated":true}]}}