{"id":354,"date":"2025-11-04T11:16:47","date_gmt":"2025-11-04T14:16:47","guid":{"rendered":"https:\/\/sitesf2j.com.br\/cress\/?page_id=354"},"modified":"2026-02-06T16:31:21","modified_gmt":"2026-02-06T19:31:21","slug":"notas-tecnicas","status":"publish","type":"page","link":"https:\/\/cress-ba.org.br\/?page_id=354","title":{"rendered":"Notas t\u00e9cnicas"},"content":{"rendered":"\n<p>Nota t\u00e9cnica 01\/2020 &#8211;  <a href=\"https:\/\/cress-ba.org.br\/wp-content\/uploads\/2026\/02\/Nota-tecnica-01-SS-pandemia.pdf\">Orienta\u00e7\u00f5es do Cress Bahia sobre exerc\u00edcio profissional diante da pandemia do Coronav\u00edrus (Covid-19)<\/a> <\/p>\n\n\n\n<p>Nota t\u00e9cnica 02\/2020 &#8211; <a href=\"https:\/\/cress-ba.org.br\/wp-content\/uploads\/2026\/02\/Nota-Tecnica-02-SS-e-Barreiras-Sanitarias.pdf\">Servi\u00e7o Social e barreiras sanit\u00e1rias<\/a> &#8211; 08\/05\/2020<\/p>\n\n\n\n<p>Nota t\u00e9cnica 03\/2020 &#8211; <a href=\"https:\/\/cress-ba.org.br\/wp-content\/uploads\/2026\/02\/Nota-Tecnica-03-Servico-Social-e-Saude.pdf\">Servi\u00e7o Social e Sa\u00fade<\/a> &#8211; 06\/08\/2020<\/p>\n\n\n\n<p>Nota t\u00e9cnica 04\/2020 &#8211; <a href=\"https:\/\/cress-ba.org.br\/wp-content\/uploads\/2026\/02\/Nota-tecnica-04-Estagio-pandemia.pdf\">Est\u00e1gio em Servi\u00e7o Social durante pandemia<\/a> &#8211; 09\/10\/2020<\/p>\n\n\n\n<p>Nota t\u00e9cnica 05\/2022 &#8211; <a href=\"https:\/\/cress-ba.org.br\/wp-content\/uploads\/2026\/02\/Nota-Tecnica-05-SS-e-teleatendimento-.pdf\">Servi\u00e7o Social e o teleatendimento <\/a><\/p>\n\n\n\n<p>Nota t\u00e9cnica 06\/2022 &#8211; <a href=\"https:\/\/cress-ba.org.br\/wp-content\/uploads\/2026\/02\/Nota-tecnica-06-SS-e-producao-de-material-tecnico-sigiloso.pdf\">Produ\u00e7\u00e3o do Material T\u00e9cnico e T\u00e9cnico Sigiloso do Servi\u00e7o Social <\/a><\/p>\n\n\n\n<p>Nota t\u00e9cnica 07\/2022 &#8211; <a href=\"https:\/\/cress-ba.org.br\/wp-content\/uploads\/2026\/02\/Nota-Tecnica-07-Sistema-de-Justica.pdf\">Assistentes Sociais na pol\u00edtica de Assist\u00eancia Social e o Sistema de Justi\u00e7a<\/a><\/p>\n\n\n\n<p>Nota t\u00e9cnica 08\/2022 &#8211; <a href=\"https:\/\/cress-ba.org.br\/wp-content\/uploads\/2026\/02\/Nota-Tecnica-08-Atestado-de-Pobreza-PDF.pdf\">Atestado de pobreza<\/a><\/p>\n\n\n\n<p>Nota t\u00e9cnica 09\/2022 &#8211; <a href=\"https:\/\/cress-ba.org.br\/wp-content\/uploads\/2026\/02\/Nota-Tecnica-09-Carimbo.pdf\">Utiliza\u00e7\u00e3o do n\u00famero de registro e carimbo profissional<\/a><\/p>\n\n\n\n<p>Nota t\u00e9cnica 10\/2022 &#8211; <a href=\"https:\/\/cress-ba.org.br\/wp-content\/uploads\/2026\/02\/Nota-Tecnica-010-coord.-cursos.pdf\">Coordena\u00e7\u00e3o de Cursos de Servi\u00e7o Social e magist\u00e9rio de disciplinas da \u00e1rea de Servi\u00e7o Social<\/a><\/p>\n\n\n\n<p>Nota t\u00e9cnica 11\/2022 &#8211; <a href=\"https:\/\/cress-ba.org.br\/wp-content\/uploads\/2026\/02\/Nota-Tecnica-11-Estagio-e-Voluntariado.pdf\">Assistente Social volunt\u00e1rio\/a e Est\u00e1gio em Servi\u00e7o Social <\/a><\/p>\n\n\n\n<p>Nota t\u00e9cnica 12\/2022 &#8211; <a href=\"https:\/\/cress-ba.org.br\/wp-content\/uploads\/2026\/02\/Nota-Tecnica-012-Participacao-na-alta-medica.pdf\">Participa\u00e7\u00e3o do Servi\u00e7o Social no processo de alta em Unidades de Sa\u00fade<\/a><\/p>\n\n\n\n<p>Nota t\u00e9cnica 13\/2022 &#8211; <a href=\"https:\/\/cress-ba.org.br\/wp-content\/uploads\/2026\/02\/Nota-Tecnica-13-Auxiliar-de-SS.pdf\">Auxiliar Servi\u00e7o Social<\/a><\/p>\n\n\n\n<p>Nota t\u00e9cnica 15\/2022 &#8211; <a href=\"https:\/\/cress-ba.org.br\/wp-content\/uploads\/2026\/02\/Nota-tecnica-015-Media-salarial.pdf\">M\u00e9dia salarial dos\/das profissionais de Servi\u00e7o Social<\/a><\/p>\n\n\n\n<p>Nota t\u00e9cnica 16\/2022 &#8211; <a href=\"https:\/\/cress-ba.org.br\/wp-content\/uploads\/2026\/02\/Nota-Tecnica-016-Testemunha.pdf\">Convoca\u00e7\u00e3o de assistentes sociais como testemunhas<\/a><\/p>\n\n\n\n<p>Nota t\u00e9cnica 17\/2024 &#8211; <a href=\"https:\/\/cress-ba.org.br\/wp-content\/uploads\/2026\/02\/Nota-Tecnica-17-Visita-Fiscalizatoria-nao-e-atribuicao-de-AS-1-1.pdf\">Posicionamento sobre a\u00e7\u00f5es fiscalizat\u00f3rias envolvendo benefici\u00e1rios do Bolsa Fam\u00edlia<\/a><\/p>\n\n\n\n<p>Nota t\u00e9cnica 18\/2024 &#8211; <a href=\"https:\/\/cress-ba.org.br\/wp-content\/uploads\/2026\/02\/Nota-tecnica-18-Concursos-Publicos.pdf\">Fiscaliza\u00e7\u00e3o dos editais de Concursos P\u00fablicos<\/a><\/p>\n\n\n\n<p>Nota t\u00e9cnica 19\/2025 &#8211; <a href=\"https:\/\/cress-ba.org.br\/wp-content\/uploads\/2026\/02\/Nota-tecnica-19-SISNEFRO.pdf\">Atua\u00e7\u00e3o de Assistentes Sociais em atividades relacionadas ao SISNEFRO<\/a><\/p>\n\n\n\n<p>Nota t\u00e9cnica 20\/2025 &#8211; <a href=\"https:\/\/cress-ba.org.br\/wp-content\/uploads\/2026\/02\/Nota-tecnica-20-guarda-volumes.pdf\">Atua\u00e7\u00e3o de Assistentes Sociais em atividades relacionadas a guarda-volume<\/a><\/p>\n","protected":false},"excerpt":{"rendered":"<p>Nota t\u00e9cnica 01\/2020 &#8211; Orienta\u00e7\u00f5es do Cress Bahia sobre exerc\u00edcio profissional diante da pandemia do Coronav\u00edrus (Covid-19) Nota t\u00e9cnica 02\/2020 &#8211; Servi\u00e7o Social e barreiras sanit\u00e1rias &#8211; 08\/05\/2020 Nota t\u00e9cnica 03\/2020 &#8211; Servi\u00e7o Social e Sa\u00fade &#8211; 06\/08\/2020 Nota t\u00e9cnica 04\/2020 &#8211; Est\u00e1gio em Servi\u00e7o Social durante pandemia &#8211; 09\/10\/2020 Nota t\u00e9cnica 05\/2022 &#8211; Servi\u00e7o [&hellip;]<\/p>\n","protected":false},"author":1,"featured_media":0,"parent":0,"menu_order":0,"comment_status":"closed","ping_status":"closed","template":"","meta":{"footnotes":""},"class_list":["post-354","page","type-page","status-publish","hentry"],"_hostinger_reach_plugin_has_subscription_block":false,"_hostinger_reach_plugin_is_elementor":false,"_links":{"self":[{"href":"https:\/\/cress-ba.org.br\/index.php?rest_route=\/wp\/v2\/pages\/354","targetHints":{"allow":["GET"]}}],"collection":[{"href":"https:\/\/cress-ba.org.br\/index.php?rest_route=\/wp\/v2\/pages"}],"about":[{"href":"https:\/\/cress-ba.org.br\/index.php?rest_route=\/wp\/v2\/types\/page"}],"author":[{"embeddable":true,"href":"https:\/\/cress-ba.org.br\/index.php?rest_route=\/wp\/v2\/users\/1"}],"replies":[{"embeddable":true,"href":"https:\/\/cress-ba.org.br\/index.php?rest_route=%2Fwp%2Fv2%2Fcomments&post=354"}],"version-history":[{"count":4,"href":"https:\/\/cress-ba.org.br\/index.php?rest_route=\/wp\/v2\/pages\/354\/revisions"}],"predecessor-version":[{"id":3405,"href":"https:\/\/cress-ba.org.br\/index.php?rest_route=\/wp\/v2\/pages\/354\/revisions\/3405"}],"wp:attachment":[{"href":"https:\/\/cress-ba.org.br\/index.php?rest_route=%2Fwp%2Fv2%2Fmedia&parent=354"}],"curies":[{"name":"wp","href":"https:\/\/api.w.org\/{rel}","templated":true}]}}