{"id":376,"date":"2025-11-04T11:23:25","date_gmt":"2025-11-04T14:23:25","guid":{"rendered":"https:\/\/sitesf2j.com.br\/cress\/?page_id=376"},"modified":"2025-11-04T11:23:26","modified_gmt":"2025-11-04T14:23:26","slug":"comissao-sociojuridica","status":"publish","type":"page","link":"https:\/\/cress-ba.org.br\/?page_id=376","title":{"rendered":"COMISS\u00c3O SOCIOJUR\u00cdDICA"},"content":{"rendered":"\n<p>Cabe \u00e0&nbsp;Comiss\u00e3o Sociojur\u00eddica&nbsp;fomentar discuss\u00f5es acerca da participa\u00e7\u00e3o da\/o profissional de Servi\u00e7o Social no \u00e2mbito sociojur\u00eddico, seu papel ante as demandas do p\u00fablico atendido por estas institui\u00e7\u00f5es e as estrat\u00e9gias de fortalecimento da categoria neste campo. Discutir a import\u00e2ncia da \u00e9tica que perpassa todas as a\u00e7\u00f5es profissionais e da posi\u00e7\u00e3o pol\u00edtico-cr\u00edtica na atua\u00e7\u00e3o. Realizar debate e aprofundar discuss\u00f5es sobre os Direitos Humanos, fomentando a participa\u00e7\u00e3o ativa da categoria nos f\u00f3runs e espa\u00e7os de defesa dos referidos direitos.&nbsp;<\/p>\n\n\n\n<p>Participam da&nbsp;<strong>Comiss\u00e3o Sociojur\u00eddica<\/strong>&nbsp;estudantes de gradua\u00e7\u00e3o em Servi\u00e7o Social. Profissionais de Servi\u00e7o Social do Poder Judici\u00e1rio, Minist\u00e9rio P\u00fablico, ONG\u2019s, Secretarias de Governo e Prefeituras ligadas \u00e0s quest\u00f5es de justi\u00e7a, sistema penitenci\u00e1rio e Direitos Humanos. &nbsp;<\/p>\n\n\n\n<p><strong>E-MAIL PARA CONTATO:&nbsp;<\/strong>SOCIOJURIDICA@CRESS-BA.ORG.BR<\/p>\n\n\n\n<p><strong>Data de reuni\u00f5es:<\/strong><\/p>\n\n\n\n<figure class=\"wp-block-table\"><table class=\"has-fixed-layout\"><tbody><tr><td><strong>M\u00caS<\/strong><\/td><td><strong>DATA<\/strong><\/td><td><strong>DIA DA SEMANA<\/strong><\/td><td><strong>HOR\u00c1RIO<\/strong><\/td><\/tr><tr><td>&nbsp;<\/td><td>&nbsp;<\/td><td>&nbsp;<\/td><td>&nbsp;<\/td><\/tr><\/tbody><\/table><\/figure>\n\n\n\n<p><strong>Documentos da comiss\u00e3o:<\/strong><\/p>\n","protected":false},"excerpt":{"rendered":"<p>Cabe \u00e0&nbsp;Comiss\u00e3o Sociojur\u00eddica&nbsp;fomentar discuss\u00f5es acerca da participa\u00e7\u00e3o da\/o profissional de Servi\u00e7o Social no \u00e2mbito sociojur\u00eddico, seu papel ante as demandas do p\u00fablico atendido por estas institui\u00e7\u00f5es e as estrat\u00e9gias de fortalecimento da categoria neste campo. Discutir a import\u00e2ncia da \u00e9tica que perpassa todas as a\u00e7\u00f5es profissionais e da posi\u00e7\u00e3o pol\u00edtico-cr\u00edtica na atua\u00e7\u00e3o. Realizar debate e [&hellip;]<\/p>\n","protected":false},"author":1,"featured_media":0,"parent":0,"menu_order":0,"comment_status":"closed","ping_status":"closed","template":"","meta":{"footnotes":""},"class_list":["post-376","page","type-page","status-publish","hentry"],"_hostinger_reach_plugin_has_subscription_block":false,"_hostinger_reach_plugin_is_elementor":false,"_links":{"self":[{"href":"https:\/\/cress-ba.org.br\/index.php?rest_route=\/wp\/v2\/pages\/376","targetHints":{"allow":["GET"]}}],"collection":[{"href":"https:\/\/cress-ba.org.br\/index.php?rest_route=\/wp\/v2\/pages"}],"about":[{"href":"https:\/\/cress-ba.org.br\/index.php?rest_route=\/wp\/v2\/types\/page"}],"author":[{"embeddable":true,"href":"https:\/\/cress-ba.org.br\/index.php?rest_route=\/wp\/v2\/users\/1"}],"replies":[{"embeddable":true,"href":"https:\/\/cress-ba.org.br\/index.php?rest_route=%2Fwp%2Fv2%2Fcomments&post=376"}],"version-history":[{"count":1,"href":"https:\/\/cress-ba.org.br\/index.php?rest_route=\/wp\/v2\/pages\/376\/revisions"}],"predecessor-version":[{"id":377,"href":"https:\/\/cress-ba.org.br\/index.php?rest_route=\/wp\/v2\/pages\/376\/revisions\/377"}],"wp:attachment":[{"href":"https:\/\/cress-ba.org.br\/index.php?rest_route=%2Fwp%2Fv2%2Fmedia&parent=376"}],"curies":[{"name":"wp","href":"https:\/\/api.w.org\/{rel}","templated":true}]}}