{"id":378,"date":"2025-11-04T11:23:45","date_gmt":"2025-11-04T14:23:45","guid":{"rendered":"https:\/\/sitesf2j.com.br\/cress\/?page_id=378"},"modified":"2025-11-04T11:23:45","modified_gmt":"2025-11-04T14:23:45","slug":"comissao-de-genero-raca-e-etnia","status":"publish","type":"page","link":"https:\/\/cress-ba.org.br\/?page_id=378","title":{"rendered":"COMISS\u00c3O DE G\u00caNERO, RA\u00c7A\u00a0E ETNIA"},"content":{"rendered":"\n<p>A comiss\u00e3o Etnia e G\u00eanero tem por objetivo discutir e construir conhecimentos te\u00f3rico-metodol\u00f3gicos acerca da quest\u00e3o \u00e9tnico-racial e de g\u00eanero na categoria profissional e sociedade de classe, visando a instrumentaliza\u00e7\u00e3o do profissional para o exerc\u00edcio cotidiano.<\/p>\n\n\n\n<p>Essa comiss\u00e3o tem como base te\u00f3rica o c\u00f3digo de \u00e9tica, considerando os tr\u00eas princ\u00edpios que tratam do&nbsp;<strong>exerc\u00edcio profissional sem preconceito<\/strong>&nbsp;e pela elimina\u00e7\u00e3o de todas as formas de discrimina\u00e7\u00e3o e a op\u00e7\u00e3o por de constru\u00e7\u00e3o de uma nova ordem societ\u00e1ria, visando \u00e0<strong>&nbsp;transversalidade<\/strong>&nbsp;\u00e9tnico-racial e de g\u00eanero.<\/p>\n\n\n\n<p><strong>E-MAIL PARA CONTATO:&nbsp;<\/strong>COMISSAODEGENERO@CRESS-BA.ORG.BR<\/p>\n\n\n\n<p><strong>Data de reuni\u00f5es:<\/strong><\/p>\n\n\n\n<figure class=\"wp-block-table\"><table class=\"has-fixed-layout\"><tbody><tr><td><strong>JAM&nbsp;<\/strong><\/td><td>FEV&nbsp;<\/td><td>MAR&nbsp;<\/td><td>ABR<\/td><td>&nbsp;MAI&nbsp;<\/td><td>JUN&nbsp;<\/td><td>JUL&nbsp;<\/td><td>AGO&nbsp;<\/td><td>SET&nbsp;<\/td><td>OUT&nbsp;<\/td><td>NOV&nbsp;<\/td><td>DEZ<\/td><\/tr><tr><td>&nbsp;<\/td><td><strong>25.02&nbsp;<\/strong><\/td><td>&nbsp;<\/td><td>&nbsp;<\/td><td>&nbsp;<\/td><td>&nbsp;<\/td><td>&nbsp;<\/td><td>&nbsp;<\/td><td>&nbsp;<\/td><td>&nbsp;<\/td><td>&nbsp;<\/td><td>&nbsp;<\/td><\/tr><\/tbody><\/table><\/figure>\n\n\n\n<p><strong>Documentos da comiss\u00e3o:<\/strong><\/p>\n","protected":false},"excerpt":{"rendered":"<p>A comiss\u00e3o Etnia e G\u00eanero tem por objetivo discutir e construir conhecimentos te\u00f3rico-metodol\u00f3gicos acerca da quest\u00e3o \u00e9tnico-racial e de g\u00eanero na categoria profissional e sociedade de classe, visando a instrumentaliza\u00e7\u00e3o do profissional para o exerc\u00edcio cotidiano. Essa comiss\u00e3o tem como base te\u00f3rica o c\u00f3digo de \u00e9tica, considerando os tr\u00eas princ\u00edpios que tratam do&nbsp;exerc\u00edcio profissional sem [&hellip;]<\/p>\n","protected":false},"author":1,"featured_media":0,"parent":0,"menu_order":0,"comment_status":"closed","ping_status":"closed","template":"","meta":{"footnotes":""},"class_list":["post-378","page","type-page","status-publish","hentry"],"_hostinger_reach_plugin_has_subscription_block":false,"_hostinger_reach_plugin_is_elementor":false,"_links":{"self":[{"href":"https:\/\/cress-ba.org.br\/index.php?rest_route=\/wp\/v2\/pages\/378","targetHints":{"allow":["GET"]}}],"collection":[{"href":"https:\/\/cress-ba.org.br\/index.php?rest_route=\/wp\/v2\/pages"}],"about":[{"href":"https:\/\/cress-ba.org.br\/index.php?rest_route=\/wp\/v2\/types\/page"}],"author":[{"embeddable":true,"href":"https:\/\/cress-ba.org.br\/index.php?rest_route=\/wp\/v2\/users\/1"}],"replies":[{"embeddable":true,"href":"https:\/\/cress-ba.org.br\/index.php?rest_route=%2Fwp%2Fv2%2Fcomments&post=378"}],"version-history":[{"count":1,"href":"https:\/\/cress-ba.org.br\/index.php?rest_route=\/wp\/v2\/pages\/378\/revisions"}],"predecessor-version":[{"id":379,"href":"https:\/\/cress-ba.org.br\/index.php?rest_route=\/wp\/v2\/pages\/378\/revisions\/379"}],"wp:attachment":[{"href":"https:\/\/cress-ba.org.br\/index.php?rest_route=%2Fwp%2Fv2%2Fmedia&parent=378"}],"curies":[{"name":"wp","href":"https:\/\/api.w.org\/{rel}","templated":true}]}}